{"id":2174,"date":"2021-10-28T15:35:16","date_gmt":"2021-10-28T12:35:16","guid":{"rendered":"https:\/\/doktorsiteleri.com\/doktorsiteleridemolari\/?page_id=2174"},"modified":"2022-03-07T16:52:31","modified_gmt":"2022-03-07T13:52:31","slug":"iletisim-9","status":"publish","type":"page","link":"https:\/\/doktorsiteleri.com\/doktorsiteleridemolari\/iletisim-9\/","title":{"rendered":"\u0130leti\u015fim 9 \u2013 IN-DR-9"},"content":{"rendered":"<section class=\"vc_section\"><div class=\"vc_row wpb_row vc_row-fluid\"><div class=\"wpb_column vc_column_container vc_col-sm-12\"><div class=\"vc_column-inner\"><div class=\"wpb_wrapper\"><h2 style=\"font-size: 50px;color: #000000;text-align: left\" class=\"vc_custom_heading\" >\u0130leti\u015fim<\/h2><div class=\"vc_separator wpb_content_element vc_separator_align_center vc_sep_width_100 vc_sep_pos_align_center vc_separator_no_text\" ><span class=\"vc_sep_holder vc_sep_holder_l\"><span  style=\"border-color:#fd725f;\" class=\"vc_sep_line\"><\/span><\/span><span class=\"vc_sep_holder vc_sep_holder_r\"><span  style=\"border-color:#fd725f;\" class=\"vc_sep_line\"><\/span><\/span>\n<\/div><\/div><\/div><\/div><\/div><div class=\"vc_row wpb_row vc_row-fluid\"><div class=\"wpb_column vc_column_container vc_col-sm-6\"><div class=\"vc_column-inner\"><div class=\"wpb_wrapper\"><div class=\"vc_row wpb_row vc_inner vc_row-fluid\"><div class=\"wpb_column vc_column_container vc_col-sm-12\"><div class=\"vc_column-inner\"><div class=\"wpb_wrapper\"><div class=\"vc_empty_space\"   style=\"height: 50px\"><span class=\"vc_empty_space_inner\"><\/span><\/div><h2 style=\"font-size: 50px;color: #000000;text-align: left\" class=\"vc_custom_heading\" >S\u0131k\u00e7a Sorulan Sorular<\/h2><div class=\"vc_empty_space\"   style=\"height: 35px\"><span class=\"vc_empty_space_inner\"><\/span><\/div><div  class=\"vc_toggle vc_toggle_default vc_toggle_color_default vc_toggle_size_md\"><div class=\"vc_toggle_title\"><p style=\"font-size: 20px;color: #2b2b2b;text-align: left\" class=\"vc_custom_heading\" >Konum Bilginiz Nedir ?<\/p><i class=\"vc_toggle_icon\"><\/i><\/div><div class=\"vc_toggle_content\"><p>Katip Salih Sokak, No : 9 Ko\u015fuyolu Mahallesi<br \/>\nKad\u0131k\u00f6y \/ \u0130stanbul<\/p>\n<\/div><\/div><div  class=\"vc_toggle vc_toggle_default vc_toggle_color_default vc_toggle_size_md\"><div class=\"vc_toggle_title\"><p style=\"font-size: 20px;color: #2b2b2b;text-align: left\" class=\"vc_custom_heading\" >Hangi saatlerde hizmet vermektesiniz ?<\/p><i class=\"vc_toggle_icon\"><\/i><\/div><div class=\"vc_toggle_content\"><p>Pazartesi\u00a0 09:00 \/ Cuma 18:00<\/p>\n<\/div><\/div><div  class=\"vc_toggle vc_toggle_default vc_toggle_color_default vc_toggle_size_md\"><div class=\"vc_toggle_title\"><p style=\"font-size: 20px;color: #2b2b2b;text-align: left\" class=\"vc_custom_heading\" >Nas\u0131l ileti\u015fime ge\u00e7ebilirim ?<\/p><i class=\"vc_toggle_icon\"><\/i><\/div><div class=\"vc_toggle_content\"><p>Randevu al k\u0131sm\u0131ndan randevu almal\u0131s\u0131n\u0131z.<\/p>\n<p><strong>Telefonumuz ;<\/strong><br \/>\n<a href=\"tel:02165455553\">0 216 545 55 53<\/a>\u00a0(Pbx)<br \/>\n<a href=\"tel:02165455503\">0 216 545 55 03<\/a><\/p>\n<p><strong>Mailimiz ;<\/strong><br \/>\n<a href=\"mailto:info@inolyzer.com\">info@inolyzer.com<\/a><\/p>\n<\/div><\/div><div  class=\"vc_toggle vc_toggle_default vc_toggle_color_default vc_toggle_size_md\"><div class=\"vc_toggle_title\"><p style=\"font-size: 20px;color: #2b2b2b;text-align: left\" class=\"vc_custom_heading\" >Lorem Ipsum<\/p><i class=\"vc_toggle_icon\"><\/i><\/div><div class=\"vc_toggle_content\"><p><strong>Lorem Ipsum<\/strong>\u00a0is simply dummy text of the printing and typesetting industry. Lorem Ipsum has been the industry&#8217;s standard dummy text ever since the 1500s, when an unknown printer took a galley of type and scrambled it to make a type specimen book. It has survived not only five centuries, but also the leap into electronic typesetting, remaining essentially unchanged.<\/p>\n<\/div><\/div><\/div><\/div><\/div><\/div>\t\t\t<link rel=\"stylesheet\" id=\"wd-mfp-popup-css\" href=\"https:\/\/doktorsiteleri.com\/doktorsiteleridemolari\/wp-content\/themes\/Woodmart\/css\/parts\/lib-magnific-popup.min.css?ver=6.1.4\" type=\"text\/css\" media=\"all\" \/> \t\t\t<div id=\"wd-617aae5a54618\" class=\"wd-button-wrapper woodmart-button-wrapper text-center\"><a href=\"#my_popup\" title=\"\" class=\"btn btn-scheme-light btn-scheme-hover-light btn-style-3d btn-shape-semi-round btn-size-default wd-open-popup  btn-icon-pos-right\">Randevu Al<span class=\"wd-btn-icon\"><span class=\"wd-icon far fa-calendar-plus\"><\/span><\/span><\/a><\/div><div id=\"my_popup\" class=\"mfp-with-anim wd-popup mfp-hide woodmart-content-popup\" style=\"max-width:800px;\"><div class=\"wd-popup-inner\"><div role=\"form\" class=\"wpcf7\" id=\"wpcf7-f1588-o1\" lang=\"tr-TR\" dir=\"ltr\">\n<div class=\"screen-reader-response\"><p role=\"status\" aria-live=\"polite\" aria-atomic=\"true\"><\/p> <ul><\/ul><\/div>\n<form action=\"\/doktorsiteleridemolari\/wp-json\/wp\/v2\/pages\/2174#wpcf7-f1588-o1\" method=\"post\" class=\"wpcf7-form init\" novalidate=\"novalidate\" data-status=\"init\">\n<div style=\"display: none;\">\n<input type=\"hidden\" name=\"_wpcf7\" value=\"1588\" \/>\n<input type=\"hidden\" name=\"_wpcf7_version\" value=\"5.5.6\" \/>\n<input type=\"hidden\" name=\"_wpcf7_locale\" value=\"tr_TR\" \/>\n<input type=\"hidden\" name=\"_wpcf7_unit_tag\" value=\"wpcf7-f1588-o1\" \/>\n<input type=\"hidden\" name=\"_wpcf7_container_post\" value=\"0\" \/>\n<input type=\"hidden\" name=\"_wpcf7_posted_data_hash\" value=\"\" \/>\n<\/div>\n<div class=\"anasayfa8-form-randevu\">\n<label> Ad - Soyad<br \/>\n    <span class=\"wpcf7-form-control-wrap your-name\"><input type=\"text\" name=\"your-name\" value=\"\" size=\"40\" class=\"wpcf7-form-control wpcf7-text wpcf7-validates-as-required\" aria-required=\"true\" aria-invalid=\"false\" \/><\/span> <\/label>\n<\/div>\n<div class=\"anasayfa8-form-randevu\"><label> E-Mail<br \/>\n    <span class=\"wpcf7-form-control-wrap your-email\"><input type=\"email\" name=\"your-email\" value=\"\" size=\"40\" class=\"wpcf7-form-control wpcf7-text wpcf7-email wpcf7-validates-as-required wpcf7-validates-as-email\" aria-required=\"true\" aria-invalid=\"false\" \/><\/span> <\/label>\n<\/div>\n<div class=\"anasayfa8-form-randevu\">\n<label> Telefon<br \/>\n    <span class=\"wpcf7-form-control-wrap telefon\"><input type=\"tel\" name=\"telefon\" value=\"\" size=\"40\" class=\"wpcf7-form-control wpcf7-text wpcf7-tel wpcf7-validates-as-required wpcf7-validates-as-tel\" aria-required=\"true\" aria-invalid=\"false\" \/><\/span> <\/label>\n<\/div>\n<div class=\"anasayfa8-form-randevu\"><label> Tarih<br \/>\n    <span class=\"wpcf7-form-control-wrap tarih\"><input type=\"date\" name=\"tarih\" value=\"\" class=\"wpcf7-form-control wpcf7-date wpcf7-validates-as-date\" aria-invalid=\"false\" \/><\/span> <\/label>\n<\/div>\n<div class=\"anasayfa8-form-randevu\"><label> Mesaj\u0131n\u0131z<br \/>\n    <span class=\"wpcf7-form-control-wrap mesaj\"><textarea name=\"mesaj\" cols=\"40\" rows=\"10\" class=\"wpcf7-form-control wpcf7-textarea\" aria-invalid=\"false\"><\/textarea><\/span> <\/label>\n<\/div>\n<p><input type=\"submit\" value=\"G\u00f6nder\" class=\"wpcf7-form-control has-spinner wpcf7-submit\" \/><\/p>\n<div class=\"wpcf7-response-output\" aria-hidden=\"true\"><\/div><\/form><\/div><\/div><\/div><\/div><\/div><\/div><div class=\"wpb_column iletisim9-animasyon vc_column_container vc_col-sm-6 vc_col-has-fill\"><div class=\"vc_column-inner vc_custom_1635428411663\"><div class=\"wpb_wrapper\">\n\t<div class=\"wpb_raw_code wpb_content_element wpb_raw_html vc_custom_1635430345149\" >\n\t\t<div class=\"wpb_wrapper\">\n\t\t\t<!DOCTYPE html>\n<html>\n<head>\n<style> \n.deneme{\n  width: 100px;\n  height: 100px;\n  background-color: #fd725f;\n  position: relative;\n  animation-name: example;\n  animation-duration: 4s;\n}\n\n.deneme:hover {\n  width: 100px;\n  height: 100px;\n  background-color: #fd725f;\n  position: relative;\n  animation-name: red;\n  animation-duration: 4s;\n}\n\n@keyframes example{\n  0%   {background-color:#fd725f; left:0px; top:0px;}\n  25%  {background-color:yellow; left:575px; top:0px;}\n  50%  {background-color:blue; left:575px; top:500px;}\n  75%  {background-color:green; left:0px; top:500px;}\n  100% {background-color:#fd725f; left:0px; top:0px;}\n\n}\n@keyframes red{\n  0%   {background-color:#fd725f; left:0px; top:0px;}\n  25%  {background-color:yellow; left:575px; top:0px;}\n  50%  {background-color:blue; left:575px; top:500px;}\n  75%  {background-color:green; left:0px; top:500px;}\n  100% {background-color:#fd725f; left:0px; top:0px;}\n\n}\n\n}\n<\/style>\n<\/head>\n<body>\n\n\n\n<div class=\"deneme\"><\/div>\n\n\n\n<\/body>\n<\/html>\n\n\n\n\t\t<\/div>\n\t<\/div>\n<div class=\"vc_empty_space\"   style=\"height: 450px\"><span class=\"vc_empty_space_inner\"><\/span><\/div><\/div><\/div><\/div><\/div><div class=\"vc_row wpb_row vc_row-fluid\"><div class=\"wpb_column vc_column_container vc_col-sm-12\"><div class=\"vc_column-inner\"><div class=\"wpb_wrapper\"><div class=\"vc_row wpb_row vc_inner vc_row-fluid\"><div class=\"wpb_column vc_column_container vc_col-sm-12\"><div class=\"vc_column-inner\"><div class=\"wpb_wrapper\"><div class=\"vc_empty_space\"   style=\"height: 50px\"><span class=\"vc_empty_space_inner\"><\/span><\/div><\/div><\/div><\/div><\/div><\/div><\/div><\/div><\/div><div data-vc-full-width=\"true\" data-vc-full-width-init=\"false\" data-vc-stretch-content=\"true\" class=\"vc_row wpb_row vc_row-fluid vc_row-no-padding\"><div class=\"wpb_column vc_column_container vc_col-sm-12\"><div class=\"vc_column-inner\"><div class=\"wpb_wrapper\">\n\t<div class=\"wpb_text_column wpb_content_element\" >\n\t\t<div class=\"wpb_wrapper\">\n\t\t\t<p><iframe loading=\"lazy\" style=\"border: 0;\" src=\"https:\/\/www.google.com\/maps\/embed?pb=!1m18!1m12!1m3!1d3010.625951706529!2d29.033929915662092!3d41.01155952717139!2m3!1f0!2f0!3f0!3m2!1i1024!2i768!4f13.1!3m3!1m2!1s0x14cab94ce8c78389%3A0xcb83c5ad5d7c9186!2sInolyzer%20Bilgi%20Teknolojileri%20A.%C5%9E.!5e0!3m2!1str!2str!4v1635428694710!5m2!1str!2str\" width=\"1920\" height=\"450\" allowfullscreen=\"allowfullscreen\"><\/iframe><\/p>\n\n\t\t<\/div>\n\t<\/div>\n<\/div><\/div><\/div><\/div><div class=\"vc_row-full-width vc_clearfix\"><\/div><\/section>\n","protected":false},"excerpt":{"rendered":"\u0130leti\u015fim S\u0131k\u00e7a Sorulan SorularKonum Bilginiz Nedir ?Katip Salih Sokak, No : 9 Ko\u015fuyolu Mahallesi Kad\u0131k\u00f6y \/ \u0130stanbul Hangi saatlerde hizmet","protected":false},"author":1,"featured_media":0,"parent":0,"menu_order":0,"comment_status":"closed","ping_status":"closed","template":"","meta":{"footnotes":""},"class_list":["post-2174","page","type-page","status-publish","hentry"],"_links":{"self":[{"href":"https:\/\/doktorsiteleri.com\/doktorsiteleridemolari\/wp-json\/wp\/v2\/pages\/2174","targetHints":{"allow":["GET"]}}],"collection":[{"href":"https:\/\/doktorsiteleri.com\/doktorsiteleridemolari\/wp-json\/wp\/v2\/pages"}],"about":[{"href":"https:\/\/doktorsiteleri.com\/doktorsiteleridemolari\/wp-json\/wp\/v2\/types\/page"}],"author":[{"embeddable":true,"href":"https:\/\/doktorsiteleri.com\/doktorsiteleridemolari\/wp-json\/wp\/v2\/users\/1"}],"replies":[{"embeddable":true,"href":"https:\/\/doktorsiteleri.com\/doktorsiteleridemolari\/wp-json\/wp\/v2\/comments?post=2174"}],"version-history":[{"count":0,"href":"https:\/\/doktorsiteleri.com\/doktorsiteleridemolari\/wp-json\/wp\/v2\/pages\/2174\/revisions"}],"wp:attachment":[{"href":"https:\/\/doktorsiteleri.com\/doktorsiteleridemolari\/wp-json\/wp\/v2\/media?parent=2174"}],"curies":[{"name":"wp","href":"https:\/\/api.w.org\/{rel}","templated":true}]}}